be the second derivative of n**4/12 + 7*n**3/6 - n**2 - 6*n + 1. What is the units digit of y(b)?
2
Let b(h) = -2*h + 26. Let v be b(13). Suppose v = -6*d + 76 + 320. What is the units digit of d?
6
Suppose -3*f + 12 = 6. What is the units digit of (66 - f) + 3 + -6?
1
Suppose 696 = -2*n + 6*n - 2*d, 3*n - 5*d = 522. Let v = n - 106. What is the units digit of (v/6)/(2/9)?
1
Suppose 15*g - 10 = 10*g. Suppose -4*t + t + 12 = 0, g*t - 623 = -5*o. What is the tens digit of o?
2
Let v be (10/(-4))/(12/(-24)). Suppose w = -4*n + 96, -n - 88 = -v*n + w. Suppose -37 = -4*l + n. What is the units digit of l?
5
Let v be ((-60)/(-18) - 2)*(-9)/(-2). Suppose 655 = -s + v*s. What is the tens digit of s?
3
Let j = -249 + 854. What is the hundreds digit of j?
6
Let o(z) be the first derivative of -7*z**3/3 + z**2/2 + 4. Let c be o(1). What is the units digit of (23 - c) + 0/(-3)?
9
What is the tens digit of ((-2268)/(-48) - -2) + (-15)/12?
4
Let v(c) = -63*c - 6. Let j(n) = 62*n + 5. Let a(y) = -4*j(y) - 5*v(y). What is the tens digit of a(3)?
1
Let d = 0 + 12. Suppose 3 = 2*r + v, d = 4*v + 32. Suppose 0*u = -2*b - 4*u - 12, r*b + 4*u + 4 = 0. What is the units digit of b?
4
Let h be -21*2/(-6) + -5. Suppose 4*n - 2*b - 126 = 0, -20 = h*b + 2*b. What is the units digit of n?
9
Let y = 78 + -73. Suppose -6*i = -i + y*j - 615, 369 = 3*i - 5*j. What is the hundreds digit of i?
1
Let t(z) = -z**2 + 2*z + 9. Let q be t(3). Suppose -70 = -4*n - q. What is the units digit of n?
6
Let k(a) = a**3 - 9*a**2 - 11*a + 15. Let d be k(10). Suppose -11*l - d = -12*l. What is the units digit of l?
5
Suppose 5*g + 9 + 23 = -4*q, -4*g = q + 19. Let n be 7/(g/3 - -1). What is the units digit of ((-20)/(-7))/((-6)/n)?
0
Let j = 5 - -1. Let w(v) = -3*v + 14. Let y be w(j). Let k = y + 43. What is the tens digit of k?
3
Suppose -4*t + 55 = t. Let d be (-2 - -2) + (t - -3). Suppose 16 = 2*c - d. What is the units digit of c?
5
Suppose 11*r + 157 = 1257. What is the units digit of r?
0
What is the tens digit of -6 + 7/((-91)/(-21853))?
7
Let n(h) = -h**3 + 18*h**2 - 2*h + 36. Let s be n(18). Suppose s = -8*i - 2*i + 500. What is the tens digit of i?
5
Let s(n) = n**2 - 65. What is the hundreds digit of s(-29)?
7
Let q be ((-5)/10)/((-1)/34). Let p = 93 + q. What is the units digit of p?
0
What is the units digit of 71*8 + (-75 - -82)?
5
Let p = 35 - 30. Suppose 3*b - 4*l - 16 = -b, -p*b + l = -32. What is the units digit of b?
7
Let z(c) = 346*c + 16. What is the tens digit of z(4)?
0
Let g be (-13)/(-5) + ((-231)/35 - -7). Suppose -3*y + 130 = -2*b, g*y + 5*b - 159 = -22. What is the units digit of y?
4
Let p be (33/4)/(5/80). Let x = 198 - p. What is the units digit of x?
6
Let d(z) = 4*z**2 - 4*z - 13. Let o be d(-2). Let x(t) = t**3 - 5*t**2 + t - 2. Let j be x(5). Let q = j + o. What is the units digit of q?
4
Let h(g) = -10*g**2 + 1. Let p be h(1). Let a(m) = m**3 + 10*m**2 + 9*m - 1. Let v be a(p). What is the units digit of (10/30)/(v/(-102))?
4
Let x(a) = 55*a**2 - 33*a - 1. What is the hundreds digit of x(2)?
1
Let l = -27 + -3. What is the hundreds digit of 3/(-9) - 5410/l?
1
Suppose 2*o - 2 - 11 = -3*v, -11 = o + 5*v. Let a be 4/7*o/4. Suppose 3*i - 19 = -5*w, -1 = -0*w - a*w + i. What is the units digit of w?
2
Let x be -658 - (4 + 0)/(-4). What is the tens digit of ((-2)/(-3))/(651/x + 1)?
7
Let n = 580 - 150. What is the units digit of n?
0
Let a be (-17)/6 + 3 + 9046/12. Suppose -w - a = -4*z + 4*w, 2*z = 3*w + 376. What is the units digit of z?
1
Suppose 2*a + 134 = 2*z - 2*a, 3*z = 3*a + 189. Let k(i) = -3*i**3 + i**2 + 9*i + 4. Let r be k(3). Let s = z + r. What is the tens digit of s?
1
Let u = -164 - -177. Let g(b) = 5*b - 2. Let c be g(2). Let v = u - c. What is the units digit of v?
5
Suppose 4*p - 18 = -2*m + 2*p, 5*p - 10 = 0. Suppose 6*n - 17 = m. What is the units digit of n?
4
Suppose 2*o - 39 = -o. What is the tens digit of o?
1
Let s(y) = 9*y + 34. Let v(o) = o. Let p(r) = s(r) + 2*v(r). What is the hundreds digit of p(14)?
1
Let z(r) = -r**2 + 15*r + 11. Let a be z(15). What is the units digit of (5 - a)/(((-4)/3)/4)?
8
Let p(m) = -m**2 + 14*m - 6. Let f be p(13). Suppose -u - f*u + 1296 = 0. What is the hundreds digit of u?
1
Suppose -4 = 2*f + 4, 4*k + 5*f = 188. Let p = k - 33. What is the units digit of p?
9
Let o(s) = 4*s**2 + s + 19. Let a be o(9). Suppose 0 = 2*q + 2*q - a. Suppose -30 + q = h. What is the tens digit of h?
5
Let f(g) = g**3 + 4*g**2 - 6. Suppose i + i + 4 = -2*m, -4 = -4*m. Let u be f(i). Suppose -s + 2*l = -41, 6*s - u*l = s + 177. What is the units digit of s?
3
Let z = -10 + 11. Let t be -1 + -6*z/(-2). What is the tens digit of 2366/65 + t/(-5)?
3
Suppose -45*c - 3 = -42*c. What is the tens digit of 93 - (-1 + 0)/(c/(-1))?
9
Let p(k) = -k**2 - 6*k + 5. Let d be p(-6). Suppose d*g - 9 = 11. Suppose 2*i - 38 = -4*m, 5*i = -2*m - g + 11. What is the units digit of m?
1
What is the tens digit of 2205302/1770 - 1/(-15)?
4
Suppose -5*h - 18*k + 19*k = -2827, 3*h + 2*k - 1704 = 0. What is the tens digit of h?
6
Suppose 6*r - 5*r = 51. What is the units digit of r?
1
Let f(h) = 2*h. Suppose -2*v + 2 = 5*w + 1, -4*w - 4 = 0. Let d be f(v). Suppose -2*q + d = 0, -5*t + 88 + 47 = -5*q. What is the tens digit of t?
3
Suppose 2621 = z - 2*g, -8*z + 9*z - 3*g = 2625. What is the hundreds digit of z?
6
Let c = -8 + 8. Suppose 2*j + 3*k + c*k = 25, -2*k = 4*j - 38. Suppose -j = 4*b - 36. What is the units digit of b?
7
Let g(k) = -k**3 - 2*k**2 - 4. Let i be g(-3). Suppose -i*d - 1 + 6 = 0. Let n(c) = 20*c**3 + 2*c**2 - 2*c + 1. What is the tens digit of n(d)?
2
Let n(b) = -b**2 - 11*b + 15. Suppose q = -1 - 11. Let v be n(q). Suppose v*s - 2*s = 20. What is the units digit of s?
0
Suppose -5*z - 413 = -15608. What is the thousands digit of z?
3
Suppose -6*p + 152 = -94. Suppose -51 = 2*l + p. What is the units digit of -3 - (l + 8/4)?
1
Suppose 11311 = 14*l - 5335. What is the tens digit of l?
8
Suppose -3*d + 5*h - h + 19 = 0, 4*d - 21 = h. Suppose -905 = -10*o + d*o. What is the tens digit of o?
8
Suppose 92*i = 62*i + 19920. What is the units digit of i?
4
Let p(t) = t**2 - 3*t. Let v(c) = c**2 + 5*c + 4. Let z be v(-4). Suppose 4*s - 27 + 3 = z. What is the tens digit of p(s)?
1
Suppose 4*x + 4*b = 0, -3*x - 3*b = -2*b + 4. What is the tens digit of 19/x*(3 + 1)*-2?
7
Suppose 1 = -4*z + 13, 2*c = -5*z + 25. Suppose -4*p = -c*p + 118. What is the hundreds digit of p?
1
Suppose 1032 + 15788 = 5*k. What is the hundreds digit of k?
3
Let k(q) = -q**3 + q**2 + 2*q + 2. Let s be k(0). What is the units digit of 327/1*(-6)/(-36)*s?
9
Suppose 3*v = -n + 14, 0 = -3*v + 4*v + 2*n - 13. Suppose 5*j = -u + 65, 12 = j - v*u - 1. Let h = 46 - j. What is the tens digit of h?
3
Suppose -1681 = -16*u + 38831. What is the tens digit of u?
3
Let b = -42 + 1127. What is the hundreds digit of b?
0
Suppose -4*k = -43 - 29. Let y = k - 30. Let a = y - -42. What is the tens digit of a?
3
Suppose 5 = -3*w - 10. Let q(p) = -p**3 - 3*p**2 - 2*p + 6. What is the units digit of q(w)?
6
What is the units digit of ((-6766)/204)/(3/(2 + -20))?
9
What is the tens digit of (1400/105)/(1/12)?
6
Suppose 2*l = 5*o - 5751, 7527 = 5*o + 3*l + 1766. What is the tens digit of o?
5
Let b(x) = -20*x + 2 + 3*x + 3. Let z be b(-3). Suppose j - z = -3*j. What is the tens digit of j?
1
Suppose 27*w - 4386 = 21*w. What is the hundreds digit of w?
7
Let g(k) = k**2 + 5*k + 7. Let y be g(-3). Let c = y + 28. What is the units digit of c?
9
Suppose 12 = 3*j - 27. Suppose -2*w + 4*b + 1 = -3, 0 = 4*w - 3*b - j. Suppose i - 2 = 0, w*t + i = -t + 82. What is the units digit of t?
6
Suppose -6*q - 109 = -319. What is the tens digit of (2639/q - 5) + 3/5?
7
Suppose 5*l = -2*k - 36, l = 3*k - l + 16. Let i be -6*(-3)/((-36)/k). Suppose -23 = -i*m + 57. What is the units digit of m?
0
Let c = -12 + 46. Suppose 6*a = 2*a + 2*l + c, -a + 5*l + 31 = 0. Suppose -8*u = -a*u - 58. What is the tens digit of u?
2
Let n(r) = r**2 + 15*r + 6. Let g be n(-15). What is the tens digit of ((-4)/g + (-4 - -6))*69?
9
Suppose 2*o - 360 = -4*n - n, 0 = -3*o + 3*n + 519. Suppose 0 = 5*z - 415 - o. What is the units digit of z?
8
Let x(i) = -i - 3. Let h be x(-8). Suppose -2*y + 16 = 5*d, -4*y = 7*d - h*